) to base 13.
4c9c
Convert 53752 (base 8) to base 14.
82b8
Convert -172155 (base 8) to base 5.
-4000243
-434a9a (base 11) to base 3
-1022022001020
What is -4a070 (base 11) in base 10?
-71951
Convert 42f45 (base 16) to base 12.
112859
-51010504 (base 6) to base 14
-2998b6
What is 3221013000 (base 4) in base 5?
221023231
Convert 222220120 (base 3) to base 2.
100110010100001
Convert 100001000011000110111 (base 2) to base 15.
165d0a
What is -d636c (base 15) in base 9?
-1244553
What is 3e15a (base 16) in base 6?
5241150
Convert -69a1a (base 12) to base 6.
-3010434
What is 4587460 (base 11) in base 10?
8018494
What is 34314203 (base 6) in base 12?
428963
Convert -10010010101100110 (base 2) to base 7.
-431660
What is 1171567 (base 9) in base 5?
130400422
212200210000 (base 3) to base 9
780700
1b01802 (base 12) to base 7
66445634
100114 (base 9) to base 7
334300
Convert 21201120022101 (base 3) to base 13.
b09737
Convert 122221231 (base 4) to base 3.
12112202011
2344404 (base 6) to base 10
122836
-3046240 (base 8) to base 10
-806048
Convert 773633 (base 9) to base 16.
70c95
1909617 (base 12) to base 3
100212022112201
276620 (base 11) to base 12
18a923
What is -26d04 (base 14) in base 11?
-66015
Convert -147f6a (base 16) to base 13.
-380599
13ac6 (base 14) to base 7
262136
430687 (base 13) to base 2
101111111110010001100
-1630621 (base 7) to base 8
-671323
Convert -521034 (base 6) to base 11.
-29379
What is 13112310 (base 8) in base 12?
b8a948
Convert 1196a (base 13) to base 9.
48353
6515405 (base 8) to base 6
101212153
Convert -10100000000111000101 (base 2) to base 6.
-22020101
Convert 2474456 (base 8) to base 13.
1b0558
What is 66476 (base 10) in base 14?
1a324
What is -4d2dc0 (base 15) in base 6?
-211231000
What is -1149b7 (base 15) in base 12?
-339a01
What is -13233322032 (base 4) in base 9?
-3735310
What is -401302004 (base 5) in base 8?
-6035052
Convert 378474 (base 10) to base 11.
239398
Convert 324511 (base 6) to base 2.
110100101011011
Convert 1201102303 (base 4) to base 2.
1100001010010110011
10000011100000001 (base 2) to base 7
400203
44412343 (base 5) to base 11
245958
Convert -22111000 (base 4) to base 13.
-16342
-210509 (base 11) to base 9
-563681
Convert -341e7e (base 16) to base 15.
-4770bd
-77473 (base 9) to base 15
-10380
What is 10110010001111010100 (base 2) in base 13?
1c73c1
56212515 (base 8) to base 9
24736627
What is -111575 (base 9) in base 2?
-10000010011111100
254562 (base 11) to base 2
1100001111110011000
Convert -30555036 (base 7) to base 14.
-4ac01d
What is -209007 (base 14) in base 2?
-100001100101000111111
What is 86856 (base 13) in base 11?
156704
Convert 1252463 (base 7) to base 16.
28163
Convert 2751d (base 16) to base 4.
213110131
Convert 1434323 (base 7) to base 9.
324528
Convert 124334500 (base 6) to base 14.
47c644
111000001010111011 (base 2) to base 8
701273
-7961a8 (base 13) to base 9
-5353302
Convert 214427 (base 9) to base 15.
27d84
Convert -12202002210 (base 3) to base 8.
-334656
What is -1202700 (base 12) in base 4?
-31103211300
14013541 (base 6) to base 15
93d24
Convert 382ed (base 15) to base 12.
87aa4
-2881491 (base 10) to base 8
-12773723
What is 86aa40 (base 12) in base 13?
599337
22201203 (base 4) to base 10
43107
-2020210100 (base 4) to base 16
-88910
What is 382457 (base 9) in base 15?
488b4
2362534 (base 7) to base 11
196230
Convert 114a72 (base 11) to base 6.
3524001
Convert 11000244 (base 5) to base 13.
33923
Convert -4545450 (base 7) to base 10.
-566181
Convert -3794 (base 16) to base 12.
-8298
-3035351 (base 6) to base 10
-145075
Convert 1232778 (base 11) to base 5.
1022004210
What is 102121112120022 (base 3) in base 13?
138101c
What is -4574866 (base 9) in base 16?
-25b2a0
Convert 6821678 (base 9) to base 6.
210435542
2452103 (base 6) to base 9
220173
What is -1d779c (base 15) in base 12?
-596b93
-6717646 (base 9) to base 7
-42501654
1047bb (base 12) to base 15
511b5
Convert 1087980 (base 13) to base 11.
2954993
What is 2193207 (base 10) in base 6?
115001423
Convert -10204104302 (base 5) to base 10.
-10613077
Convert -9d24b (base 15) to base 4.
-1322010311
-15235311 (base 6) to base 15
-a82a1
-220013302 (base 4) to base 11
-102519
Convert -551081 (base 9) to base 2.
-1010000010010010100
Convert -137905 (base 11) to base 10.
-215385
125005231 (base 6) to base 5
1113131224
Convert -46403 (base 14) to base 10.
-170915
32560514 (base 8) to base 16
6ae14c
What is -2042314 (base 5) in base 8?
-102444
1247979 (base 10) to base 13
349065
Convert 664265 (base 12) to base 9.
3045575
Convert 945476 (base 14) to base 10.
5008688
Convert 4243251 (base 6) to base 14.
55bb1
Convert -112350 (base 7) to base 6.
-232540
What is -122a2a (base 13) in base 6?
-13151423
Convert -fdf6 (base 16) to base 12.
-3175a
13223041 (base 5) to base 16
20720
202102213 (base 4) to base 13
4bc13
Convert -101222010021 (base 3) to base 11.
-138208
-232140103 (base 5) to base 16
-100f70
101202112022 (base 3) to base 11
135142
What is -112581 (base 9) in base 4?
-100133122
Convert -4314350 (base 6) to base 11.
-135515
Convert -211200002 (base 3) to base 9.
-24602
What is 20233022230 (base 4) in base 5?
1041242343
What is -222310103 (base 4) in base 14?
-47cb1
Convert -53681a (base 13) to base 4.
-13131231201
What is -20000201210 (base 3) in base 11?
-81148
-1110110010010100011 (base 2) to base 14
-c8803
Convert -1112101002202 (base 3) to base 5.
-202024432
-1142504 (base 7) to base 11
-99a34
-a56b5b (base 12) to base 16
-27bbf7
Convert -9aab (base 12) to base 10.
-17123
100001210111010 (base 3) to base 13
cc9198
a45782 (base 13) to base 5
1440330243
Convert -226b7a9 (base 13) to base 11.
-5a857a4
46e9fa (base 16) to base 3
22202010001121
What is 32337 (base 8) in base 14?
4d0b
-45252004 (base 6) to base 16
-14fd04
-378764 (base 9) to base 10
-229531
-14434204 (base 6) to base 10
-502492
-1236263 (base 9) to base 13
-1a790c
Convert -10000111020 (base 4) to base 14.
-1d48ac
26026322 (base 9) to base 2
110000101110001111110111
b5c98d (base 14) to base 16
5dbbf1
-32331221 (base 4) to base 10
-61289
Convert -12200111112101 (base 3) to base 15.
-3ea344
Convert -b5374 (base 13) to base 10.
-325758
Convert -36c (base 13) to base 14.
-309
What is 88a50 (base 11) in base 14?
35053
What is 121001221112221 (base 3) in base 9?
17057487
121501453 (base 6) to base 15
30e02c
Convert 229003 (base 10) to base 6.
4524111
What is -1010011221011 (base 3) in base 6?
-20422221
-5080049 (base 11) to base 3
-121212222100220
What is 315304 (base 8) in base 5?
11331111
What is -81043 (base 11) in base 12?
-586b6
What is -10211320031 (base 4) in base 5?
-302004400
-36044052 (base 9) to base 4
-1003000300220
Convert -33542401 (base 8) to base 7.
-115463261
-121111212121201 (base 3) to base 7
-134411311
What is 33562 (base 8) in base 13?
65cb
Convert -127282 (base 9) to base 14.
-20366
What is -134330555 (base 6) in base 8?
-12332647
What is 12566410 (base 7) in base 13?
317a28
Convert 1131555 (base 6) to base 3.
2222120222
What is 136011612 (base 7) in base 10?
8944371
458480 (base 12) to base 9
2076386
-32dd1 (base 16) to base 9
-346705
Convert 52235235 (base 6) to base 8.
5614207
Convert -1001111001101001010001 (base 2) to base 4.
-21321221101
What is 17a34c (base 13) in base 8?
2207541
-5102134 (base 6) to base 11
-155528
Convert 2944227 (base 11) to base 7.
60660453
What is 45788 (base 9) in base 4?
13131020
What is 1110111000110111011011 (base 2) in base 10?
3902939
Convert -8c6093 (base 13) to base 8.
-14540652
-156151 (base 8) to base 13
-1c8b5
What is -25c51 (base 14) in base 15?
-1c835
Convert -3030255 (base 6) to base 9.
-238428
-110001220012 (base 3) to base 15
-4a5d8
What is -150b (base 14) in base 7?
-13614
-a865 (base 12) to base 2
-100100001001101
Convert -622124 (base 9) to base 6.
-11524121
213320202 (base 6) to base 10
3805130
What is 10030202 (base 5) in base 10?
80052
-340463 (base 7) to base 15
-12ccb
What is 1473617 (base 10) in base 13?
3c7982
What is 5252545 (base 6) in base 9?
430082
Convert -3830799 (base 10) to base 8.
-16472017
What is -1003b32 (base 13) in base 15?
-657a35
What is 100101011101100010111 (base 2) in base 12?
4b2473
Convert 5785c9 (base 15) to base 12.
1496890
-11b766 (base 14) to base 4
-2110122032
17014356 (base 9)